{"id":9,"date":"2023-05-05T21:12:01","date_gmt":"2023-05-05T19:12:01","guid":{"rendered":"http:\/\/www.uzebry.cz\/?page_id=9"},"modified":"2025-04-24T19:36:43","modified_gmt":"2025-04-24T17:36:43","slug":"o-nas","status":"publish","type":"page","link":"https:\/\/www.uzebry.cz\/?page_id=9","title":{"rendered":"O n\u00e1s"},"content":{"rendered":"\n<p class=\"has-text-align-left\">Apartm\u00e1n U Zebry nab\u00edz\u00ed ubytov\u00e1n\u00ed od roku 2019. Na\u0161e ubytov\u00e1n\u00ed oce\u0148uj\u00ed p\u0159edev\u0161\u00edm rodiny s d\u011btmi. Kuchyn\u011b je pln\u011b vybaven\u00e1 v\u0161\u00edm, co m\u016f\u017eete pot\u0159ebovat. Na ni navazuje ob\u00fdvac\u00ed prostor, jen\u017e poskytuje dostatek prostoru k odpo\u010dinku i \u0159\u00e1d\u011bn\u00ed va\u0161ich d\u011bt\u00ed. Pro sp\u00e1nek jsou k dispozici dv\u011b lo\u017enice vybaven\u00e9 man\u017eelsk\u00fdmi postelemi a rozkl\u00e1dac\u00ed pohovka v ob\u00fdvac\u00edm pokoji. Za francouzsk\u00fdmi dve\u0159mi na v\u00e1s \u010dek\u00e1 terasa pro p\u0159\u00edjemn\u00e9 posezen\u00ed a zahr\u00e1dka umo\u017en\u00ed t\u0159eba ve\u010dern\u00ed grilov\u00e1n\u00ed.<\/p>\n\n\n\n<p>Pro Va\u0161e dom\u00e1c\u00ed mazl\u00ed\u010dky si, pros\u00edme, za\u0159i\u010fte hl\u00edd\u00e1n\u00ed. Apartm\u00e1n nen\u00ed uzp\u016fsoben\u00fd pro pobyt Va\u0161ich zv\u00ed\u0159ec\u00edch kamar\u00e1d\u016f. Apartm\u00e1n je rovn\u011b\u017e neku\u0159\u00e1ck\u00fd, ale na zahr\u00e1dce je kou\u0159en\u00ed povoleno.<\/p>\n\n\n\n<div class=\"wp-block-group is-vertical is-layout-flex wp-container-core-group-is-layout-8cf370e7 wp-block-group-is-layout-flex\">\n<div class=\"wp-block-group\"><div class=\"wp-block-group__inner-container is-layout-constrained wp-block-group-is-layout-constrained\">\n<p>DISPOZICE:<\/p>\n\n\n\n<p class=\"has-text-align-left\"><strong>Lo\u017enice 1 <\/strong>:  Man\u017eelsk\u00e1 postel + jednol\u016f\u017eko<br><strong>Lo\u017enice 2<\/strong> :  Man\u017eelsk\u00e1 postel<br><strong>Ob\u00fdvac\u00ed pokoj<\/strong> :  Rozkl\u00e1dac\u00ed pohovka &#8211; dvoul\u016f\u017eko<\/p>\n<\/div><\/div>\n<\/div>\n\n\n<div class=\"wp-block-image\">\n<figure class=\"aligncenter size-large\"><img loading=\"lazy\" decoding=\"async\" width=\"1024\" height=\"614\" src=\"https:\/\/www.uzebry.cz\/wp-content\/uploads\/2025\/04\/cropped-jidelna_AI-scaled-2-1024x614.jpg\" alt=\"\" class=\"wp-image-199\" srcset=\"https:\/\/www.uzebry.cz\/wp-content\/uploads\/2025\/04\/cropped-jidelna_AI-scaled-2-1024x614.jpg 1024w, https:\/\/www.uzebry.cz\/wp-content\/uploads\/2025\/04\/cropped-jidelna_AI-scaled-2-300x180.jpg 300w, https:\/\/www.uzebry.cz\/wp-content\/uploads\/2025\/04\/cropped-jidelna_AI-scaled-2-768x461.jpg 768w, https:\/\/www.uzebry.cz\/wp-content\/uploads\/2025\/04\/cropped-jidelna_AI-scaled-2-1536x922.jpg 1536w, https:\/\/www.uzebry.cz\/wp-content\/uploads\/2025\/04\/cropped-jidelna_AI-scaled-2.jpg 2000w\" sizes=\"auto, (max-width: 767px) 89vw, (max-width: 1000px) 54vw, (max-width: 1071px) 543px, 580px\" \/><\/figure>\n<\/div>\n\n\n<figure class=\"wp-block-gallery has-nested-images columns-default is-cropped wp-block-gallery-1 is-layout-flex wp-block-gallery-is-layout-flex\">\n<figure class=\"wp-block-image size-large\"><img loading=\"lazy\" decoding=\"async\" width=\"768\" height=\"1024\" data-id=\"220\" src=\"https:\/\/www.uzebry.cz\/wp-content\/uploads\/2025\/04\/20190621_202309-scaled-EDIT-768x1024.jpg\" alt=\"\" class=\"wp-image-220\" srcset=\"https:\/\/www.uzebry.cz\/wp-content\/uploads\/2025\/04\/20190621_202309-scaled-EDIT-768x1024.jpg 768w, https:\/\/www.uzebry.cz\/wp-content\/uploads\/2025\/04\/20190621_202309-scaled-EDIT-225x300.jpg 225w, https:\/\/www.uzebry.cz\/wp-content\/uploads\/2025\/04\/20190621_202309-scaled-EDIT-1152x1536.jpg 1152w, https:\/\/www.uzebry.cz\/wp-content\/uploads\/2025\/04\/20190621_202309-scaled-EDIT-1536x2048.jpg 1536w, https:\/\/www.uzebry.cz\/wp-content\/uploads\/2025\/04\/20190621_202309-scaled-EDIT.jpg 1920w\" sizes=\"auto, (max-width: 767px) 89vw, (max-width: 1000px) 54vw, (max-width: 1071px) 543px, 580px\" \/><\/figure>\n\n\n\n<figure class=\"wp-block-image size-large\"><img loading=\"lazy\" decoding=\"async\" width=\"768\" height=\"1024\" data-id=\"217\" src=\"https:\/\/www.uzebry.cz\/wp-content\/uploads\/2025\/04\/IMG_20230723_174009-scaled-1-768x1024.jpg\" alt=\"\" class=\"wp-image-217\" srcset=\"https:\/\/www.uzebry.cz\/wp-content\/uploads\/2025\/04\/IMG_20230723_174009-scaled-1-768x1024.jpg 768w, https:\/\/www.uzebry.cz\/wp-content\/uploads\/2025\/04\/IMG_20230723_174009-scaled-1-225x300.jpg 225w, https:\/\/www.uzebry.cz\/wp-content\/uploads\/2025\/04\/IMG_20230723_174009-scaled-1-1152x1536.jpg 1152w, https:\/\/www.uzebry.cz\/wp-content\/uploads\/2025\/04\/IMG_20230723_174009-scaled-1-1536x2048.jpg 1536w, https:\/\/www.uzebry.cz\/wp-content\/uploads\/2025\/04\/IMG_20230723_174009-scaled-1.jpg 1920w\" sizes=\"auto, (max-width: 767px) 89vw, (max-width: 1000px) 54vw, (max-width: 1071px) 543px, 580px\" \/><\/figure>\n\n\n\n<figure class=\"wp-block-image size-large\"><img loading=\"lazy\" decoding=\"async\" width=\"768\" height=\"1024\" data-id=\"205\" src=\"https:\/\/www.uzebry.cz\/wp-content\/uploads\/2025\/04\/IMG_20240505_173641-768x1024.jpg\" alt=\"\" class=\"wp-image-205\" srcset=\"https:\/\/www.uzebry.cz\/wp-content\/uploads\/2025\/04\/IMG_20240505_173641-768x1024.jpg 768w, https:\/\/www.uzebry.cz\/wp-content\/uploads\/2025\/04\/IMG_20240505_173641-225x300.jpg 225w, https:\/\/www.uzebry.cz\/wp-content\/uploads\/2025\/04\/IMG_20240505_173641-1152x1536.jpg 1152w, https:\/\/www.uzebry.cz\/wp-content\/uploads\/2025\/04\/IMG_20240505_173641-1536x2048.jpg 1536w, https:\/\/www.uzebry.cz\/wp-content\/uploads\/2025\/04\/IMG_20240505_173641-scaled.jpg 1920w\" sizes=\"auto, (max-width: 767px) 89vw, (max-width: 1000px) 54vw, (max-width: 1071px) 543px, 580px\" \/><\/figure>\n\n\n<div class=\"wp-block-image\">\n<figure class=\"aligncenter size-large\"><img loading=\"lazy\" decoding=\"async\" width=\"768\" height=\"1024\" data-id=\"216\" src=\"https:\/\/www.uzebry.cz\/wp-content\/uploads\/2025\/04\/IMG_20230625_150938-scaled-1-768x1024.jpg\" alt=\"\" class=\"wp-image-216\" srcset=\"https:\/\/www.uzebry.cz\/wp-content\/uploads\/2025\/04\/IMG_20230625_150938-scaled-1-768x1024.jpg 768w, https:\/\/www.uzebry.cz\/wp-content\/uploads\/2025\/04\/IMG_20230625_150938-scaled-1-225x300.jpg 225w, https:\/\/www.uzebry.cz\/wp-content\/uploads\/2025\/04\/IMG_20230625_150938-scaled-1-1152x1536.jpg 1152w, https:\/\/www.uzebry.cz\/wp-content\/uploads\/2025\/04\/IMG_20230625_150938-scaled-1-1536x2048.jpg 1536w, https:\/\/www.uzebry.cz\/wp-content\/uploads\/2025\/04\/IMG_20230625_150938-scaled-1.jpg 1920w\" sizes=\"auto, (max-width: 767px) 89vw, (max-width: 1000px) 54vw, (max-width: 1071px) 543px, 580px\" \/><\/figure>\n<\/div>\n\n\n<figure class=\"wp-block-image size-large\"><img loading=\"lazy\" decoding=\"async\" width=\"768\" height=\"1024\" data-id=\"218\" src=\"https:\/\/www.uzebry.cz\/wp-content\/uploads\/2025\/04\/20190621_202726-scaled-EDIT-1-768x1024.jpg\" alt=\"\" class=\"wp-image-218\" srcset=\"https:\/\/www.uzebry.cz\/wp-content\/uploads\/2025\/04\/20190621_202726-scaled-EDIT-1-768x1024.jpg 768w, https:\/\/www.uzebry.cz\/wp-content\/uploads\/2025\/04\/20190621_202726-scaled-EDIT-1-225x300.jpg 225w, https:\/\/www.uzebry.cz\/wp-content\/uploads\/2025\/04\/20190621_202726-scaled-EDIT-1-1152x1536.jpg 1152w, https:\/\/www.uzebry.cz\/wp-content\/uploads\/2025\/04\/20190621_202726-scaled-EDIT-1-1536x2048.jpg 1536w, https:\/\/www.uzebry.cz\/wp-content\/uploads\/2025\/04\/20190621_202726-scaled-EDIT-1.jpg 1920w\" sizes=\"auto, (max-width: 767px) 89vw, (max-width: 1000px) 54vw, (max-width: 1071px) 543px, 580px\" \/><\/figure>\n\n\n\n<figure class=\"wp-block-image size-large\"><img loading=\"lazy\" decoding=\"async\" width=\"768\" height=\"1024\" data-id=\"208\" src=\"https:\/\/www.uzebry.cz\/wp-content\/uploads\/2025\/04\/20190621_202651-EDIT-768x1024.jpg\" alt=\"\" class=\"wp-image-208\" srcset=\"https:\/\/www.uzebry.cz\/wp-content\/uploads\/2025\/04\/20190621_202651-EDIT-768x1024.jpg 768w, https:\/\/www.uzebry.cz\/wp-content\/uploads\/2025\/04\/20190621_202651-EDIT-225x300.jpg 225w, https:\/\/www.uzebry.cz\/wp-content\/uploads\/2025\/04\/20190621_202651-EDIT-1152x1536.jpg 1152w, https:\/\/www.uzebry.cz\/wp-content\/uploads\/2025\/04\/20190621_202651-EDIT-1536x2048.jpg 1536w, https:\/\/www.uzebry.cz\/wp-content\/uploads\/2025\/04\/20190621_202651-EDIT-scaled.jpg 1920w\" sizes=\"auto, (max-width: 767px) 89vw, (max-width: 1000px) 54vw, (max-width: 1071px) 543px, 580px\" \/><\/figure>\n<\/figure>\n\n\n\n<figure class=\"wp-block-image size-large\"><img loading=\"lazy\" decoding=\"async\" width=\"1024\" height=\"768\" src=\"https:\/\/www.uzebry.cz\/wp-content\/uploads\/2025\/04\/IMG_20200217_192605-scaled-EDIT-1024x768.jpg\" alt=\"\" class=\"wp-image-219\" srcset=\"https:\/\/www.uzebry.cz\/wp-content\/uploads\/2025\/04\/IMG_20200217_192605-scaled-EDIT-1024x768.jpg 1024w, https:\/\/www.uzebry.cz\/wp-content\/uploads\/2025\/04\/IMG_20200217_192605-scaled-EDIT-300x225.jpg 300w, https:\/\/www.uzebry.cz\/wp-content\/uploads\/2025\/04\/IMG_20200217_192605-scaled-EDIT-768x576.jpg 768w, https:\/\/www.uzebry.cz\/wp-content\/uploads\/2025\/04\/IMG_20200217_192605-scaled-EDIT-1536x1152.jpg 1536w, https:\/\/www.uzebry.cz\/wp-content\/uploads\/2025\/04\/IMG_20200217_192605-scaled-EDIT-2048x1536.jpg 2048w\" sizes=\"auto, (max-width: 767px) 89vw, (max-width: 1000px) 54vw, (max-width: 1071px) 543px, 580px\" \/><\/figure>\n\n\n\n<figure class=\"wp-block-gallery has-nested-images columns-default is-cropped wp-block-gallery-2 is-layout-flex wp-block-gallery-is-layout-flex\">\n<figure class=\"wp-block-image size-large\"><img loading=\"lazy\" decoding=\"async\" width=\"1024\" height=\"768\" data-id=\"213\" src=\"https:\/\/www.uzebry.cz\/wp-content\/uploads\/2025\/04\/IMG_20230625_151155-scaled-EDIT-1024x768.jpg\" alt=\"\" class=\"wp-image-213\" srcset=\"https:\/\/www.uzebry.cz\/wp-content\/uploads\/2025\/04\/IMG_20230625_151155-scaled-EDIT-1024x768.jpg 1024w, https:\/\/www.uzebry.cz\/wp-content\/uploads\/2025\/04\/IMG_20230625_151155-scaled-EDIT-300x225.jpg 300w, https:\/\/www.uzebry.cz\/wp-content\/uploads\/2025\/04\/IMG_20230625_151155-scaled-EDIT-768x576.jpg 768w, https:\/\/www.uzebry.cz\/wp-content\/uploads\/2025\/04\/IMG_20230625_151155-scaled-EDIT-1536x1152.jpg 1536w, https:\/\/www.uzebry.cz\/wp-content\/uploads\/2025\/04\/IMG_20230625_151155-scaled-EDIT-2048x1536.jpg 2048w\" sizes=\"auto, (max-width: 767px) 89vw, (max-width: 1000px) 54vw, (max-width: 1071px) 543px, 580px\" \/><\/figure>\n<\/figure>\n\n\n\n<p><\/p>\n","protected":false},"excerpt":{"rendered":"<p>Apartm\u00e1n U Zebry nab\u00edz\u00ed ubytov\u00e1n\u00ed od roku 2019. Na\u0161e ubytov\u00e1n\u00ed oce\u0148uj\u00ed p\u0159edev\u0161\u00edm rodiny s d\u011btmi. Kuchyn\u011b je pln\u011b vybaven\u00e1 v\u0161\u00edm, co m\u016f\u017eete pot\u0159ebovat. Na ni navazuje ob\u00fdvac\u00ed prostor, jen\u017e poskytuje dostatek prostoru k odpo\u010dinku i \u0159\u00e1d\u011bn\u00ed va\u0161ich d\u011bt\u00ed. Pro sp\u00e1nek jsou k dispozici dv\u011b lo\u017enice vybaven\u00e9 man\u017eelsk\u00fdmi postelemi a rozkl\u00e1dac\u00ed pohovka v ob\u00fdvac\u00edm pokoji. Za &hellip; <\/p>\n<p class=\"link-more\"><a href=\"https:\/\/www.uzebry.cz\/?page_id=9\" class=\"more-link\">Pokra\u010dovat ve \u010dten\u00ed<span class=\"screen-reader-text\"> &#8222;O n\u00e1s&#8220;<\/span><\/a><\/p>\n","protected":false},"author":1,"featured_media":0,"parent":0,"menu_order":0,"comment_status":"closed","ping_status":"closed","template":"","meta":{"footnotes":""},"class_list":["post-9","page","type-page","status-publish","hentry"],"_links":{"self":[{"href":"https:\/\/www.uzebry.cz\/index.php?rest_route=\/wp\/v2\/pages\/9","targetHints":{"allow":["GET"]}}],"collection":[{"href":"https:\/\/www.uzebry.cz\/index.php?rest_route=\/wp\/v2\/pages"}],"about":[{"href":"https:\/\/www.uzebry.cz\/index.php?rest_route=\/wp\/v2\/types\/page"}],"author":[{"embeddable":true,"href":"https:\/\/www.uzebry.cz\/index.php?rest_route=\/wp\/v2\/users\/1"}],"replies":[{"embeddable":true,"href":"https:\/\/www.uzebry.cz\/index.php?rest_route=%2Fwp%2Fv2%2Fcomments&post=9"}],"version-history":[{"count":19,"href":"https:\/\/www.uzebry.cz\/index.php?rest_route=\/wp\/v2\/pages\/9\/revisions"}],"predecessor-version":[{"id":221,"href":"https:\/\/www.uzebry.cz\/index.php?rest_route=\/wp\/v2\/pages\/9\/revisions\/221"}],"wp:attachment":[{"href":"https:\/\/www.uzebry.cz\/index.php?rest_route=%2Fwp%2Fv2%2Fmedia&parent=9"}],"curies":[{"name":"wp","href":"https:\/\/api.w.org\/{rel}","templated":true}]}}